s 293 composite?
False
Is 348781 composite?
True
Is 19661 a composite number?
False
Is 287783 composite?
False
Is 63197 a composite number?
False
Is 76745 a composite number?
True
Is 2203 composite?
False
Is 230689 a composite number?
True
Is 216299 a prime number?
False
Is 293 a composite number?
False
Is 4691 a prime number?
True
Is 1826231 composite?
True
Is 22739 composite?
False
Is 121795 a prime number?
False
Is 245849 composite?
False
Is 8098 a prime number?
False
Is 32995 a prime number?
False
Is 624957 prime?
False
Is 37441 a composite number?
False
Is 101573 a prime number?
True
Is 1594 composite?
True
Is 3797 a prime number?
True
Is 3299 a composite number?
False
Is 4078 a prime number?
False
Is 52135 a composite number?
True
Is 7427 prime?
False
Is 12693 a composite number?
True
Is 2521 a prime number?
True
Is 58469 a prime number?
False
Is 7841 composite?
False
Is 1103 a composite number?
False
Is 335359 composite?
True
Is 553 composite?
True
Is 308773 prime?
True
Is 4853 prime?
False
Is 60029 a composite number?
False
Is 5879 prime?
True
Is 39089 a prime number?
True
Is 48647 composite?
False
Is 207503 composite?
True
Is 31469 a prime number?
True
Is 17245 a composite number?
True
Is 21433 a prime number?
True
Is 36238 prime?
False
Is 61949 prime?
True
Is 354911 prime?
True
Is 23077 a composite number?
True
Is 649 composite?
True
Is 5581 a prime number?
True
Is 28673 composite?
True
Is 682597 composite?
False
Is 495877 prime?
True
Is 8189 a prime number?
False
Is 130997 prime?
False
Is 28513 composite?
False
Is 16033 a prime number?
True
Is 136645 a composite number?
True
Is 9311 prime?
True
Is 6739 prime?
False
Is 8917 a composite number?
True
Is 63029 prime?
True
Is 48301 composite?
True
Is 1268479 prime?
True
Is 2833169 a composite number?
True
Is 25969 composite?
False
Is 2419 composite?
True
Is 40693 composite?
False
Is 19589 composite?
True
Is 34123 a prime number?
True
Is 185293 a prime number?
False
Is 33343 prime?
True
Is 6197 a composite number?
False
Is 107753 prime?
False
Is 993 a composite number?
True
Is 142159 composite?
False
Is 48943 prime?
False
Is 526931 prime?
True
Is 2161 a composite number?
False
Is 33545 prime?
False
Is 489 a prime number?
False
Is 4409 composite?
False
Is 179161 prime?
True
Is 14633 a prime number?
True
Is 5471 composite?
False
Is 279179 a composite number?
False
Is 3799 a prime number?
False
Is 32111 a composite number?
True
Is 924719 a prime number?
True
Is 502463 composite?
True
Is 423161 a composite number?
True
Is 1326133 composite?
False
Is 209 a prime number?
False
Is 13389 composite?
True
Is 49718 a composite number?
True
Is 318067 a prime number?
False
Is 364415 a composite number?
True
Is 2215463 composite?
False
Is 3151949 composite?
True
Is 14189 composite?
True
Is 258871 a composite number?
False
Is 55201 composite?
False
Is 7309 a composite number?
False
Is 1353046 composite?
True
Is 1624661 prime?
True
Is 728809 composite?
False
Is 14107 a composite number?
False
Is 20593 composite?
False
Is 116023 a composite number?
True
Is 12895 a prime number?
False
Is 15389 a composite number?
True
Is 25055 a prime number?
False
Is 753313 a prime number?
False
Is 17519 composite?
False
Is 9467 a composite number?
False
Is 1059431 a composite number?
True
Is 64217 a composite number?
False
Is 1949 composite?
False
Is 28201 a prime number?
True
Is 545605 prime?
False
Is 1637 composite?
False
Is 3081601 composite?
True
Is 13042 composite?
True
Is 80113 a prime number?
False
Is 8803 a composite number?
False
Is 487877 composite?
True
Is 14243 prime?
True
Is 372805 composite?
True
Is 616423 a composite number?
True
Is 469747 prime?
True
Is 24649 composite?
True
Is 100961 a composite number?
True
Is 329453 a prime number?
False
Is 13085 a composite number?
True
Is 82373 a prime number?
True
Is 5234 prime?
False
Is 59051 a prime number?
True
Is 37717 prime?
True
Is 50669 a prime number?
False
Is 14197 composite?
False
Is 16413 prime?
False
Is 452207 prime?
False
Is 5623 composite?
False
Is 15877 composite?
False
Is 12047 prime?
False
Is 1220423 composite?
False
Is 1087 prime?
True
Is 889579 composite?
False
Is 38501 composite?
False
Is 128591 a composite number?
False
Is 212813 a prime number?
False
Is 2250335 composite?
True
Is 13957 a composite number?
True
Is 9201 composite?
True
Is 58657 a prime number?
True
Is 329417 a prime number?
False
Is 23969 composite?
True
Is 16663 composite?
True
Is 13529 a composite number?
True
Is 2301563 composite?
True
Is 305293 prime?
False
Is 42557 a prime number?
True
Is 68161 prime?
True
Is 7789 a composite number?
False
Is 14923 composite?
False
Is 289195 prime?
False
Is 390394 prime?
False
Is 22739 prime?
True
Is 341617 composite?
False
Is 25793 prime?
True
Is 248674 composite?
True
Is 53591 prime?
True
Is 181331 composite?
True
Is 67289 a composite number?
False
Is 28373 composite?
True
Is 290959 a prime number?
True
Is 49631 a prime number?
False
Is 76709 a composite number?
True
Is 1618 composite?
True
Is 152666 composite?
True
Is 39723 composite?
True
Is 422459 a composite number?
False
Is 3089857 a prime number?
True
Is 102035 prime?
False
Is 409259 a composite number?
False
Is 4045 composite?
True
Is 2705 a prime number?
False
Is 862097 a composite number?
False
Is 8731 a composite number?
False
Is 312269 composite?
False
Is 37307 composite?
False
Is 416291 a composite number?
False
Is 30322 a prime number?
False
Is 1020557 prime?
True
Is 3493 composite?
True
Is 7183 prime?
False
Is 165641 a composite number?
True
Is 3005335 a prime number?
False
Is 6437 composite?
True
Is 556399 composite?
False
Is 186841 prime?
True
Is 69953 prime?
False
Is 14969 a composite number?
False
Is 407669 composite?
False
Is 64229 prime?
False
Is 696989 a composite number?
False
Is 2459117 a composite number?
True
Is 701 a composite number?
False
Is 4733 prime?
True
Is 355715 a composite number?
True
Is 166233 a prime number?
False
Is 199103 a composite number?
False
Is 307 prime?
True
Is 22777 a prime number?
True
Is 419719 a prime number?
False
Is 21011 composite?
False
Is 20807 a composite number?
False
Is 793 prime?
False
Is 1994807 a composite number?
False
Is 198367 a composite number?
True
Is 65119 composite?
False
Is 196653 a composite number?
True
Is 273043 composite?
False
Is 2599 a composite number?
True
Is 29473 composite?
False
Is 56983 prime?
True
Is 6467 a prime number?
False
Is 30473 prime?
False
Is 76273 prime?
False
Is 15659 prime?
False
Is 1227 a composite number?
True
Is 38297 a prime number?
False
Is 580319 a prime number?
False
Is 787 a composite number?
False
Is 68461 prime?
False
Is 1015967 a prime number?
True
Is 87211 a composite number?
False
Is 14591 prime?
True
Is 48091 prime?
True
Is 7751 a prime number?
False
Is 2921 composite?
True
Is 25791 composite?
True
Is 179 a composite number?
False
Is 680489 a composite number?
False
Is 58385 a composite number?
True
Is 195229 prime?
True
Is 2767 composite?
False
Is 8819 prime?
True
Is 55849 a composite number?
False
Is 5749 a composite number?
False
Is 11969 a prime number?
True
Is 84577 a prime number?
False
Is 100267 prime?
True
Is 19531 a composite number?
False
Is 27179 a composite number?
False
Is 392333 a composite number?
False
Is 29501 a prime number?
True
Is 1392269 a composite number?
False
Is 219 a composite number?
True
Is 86267 composite?
True
Is 125009 composite?
True
Is 62963 composite?
True
Is 497823 a composite number?
True
Is 193145 composite?
True
Is 29503 composite?
True
Is 194357 a prime number?
False
Is 958 prime?
False
Is 132509 a prime number?
False
Is 39977 prime?
False
Is 15905 a composite number?
True
Is 13 prime?
True
Is 1973 prime?
True
Is 1472017 composite?
False
Is 9961 a prime number?
False
Is 19405 prime?
False
Is 9113 a composite number?
True
Is 797 a composite number?
False
Is 7403 a prime number?
False
Is 4699 a prime number?
False
Is 15049 composite?
True
Is 100819 a prime number?
False
Is 6491 prime?
True
Is 2281 composite?
False
Is 21647 a prime number?
True
Is 3336805 a composite number?
True
Is 162343 a composite number?
False
Is 1783 a prime number?
True
Is 1460471 a composite number?
True
Is 325457 composite?
True
Is 18617 a prime number?
True
Is 805